e the third derivative of -m**5/120 + m**4/24 + 23*m**3/6 + 9*m**2. Let v(i) be the first derivative of h(i). What is v(5)?
-4
Let x(w) = w**2 + 3*w + 1. Suppose -k - 12 = 4*s, -2*k + 6 = -5*s - 9. Let c be x(s). Let f be c/2 + (-5)/(-10). Let v(z) = -z**2 - 2*z + 1. Give v(f).
-2
Let u(b) be the second derivative of b**4/12 - b**3/2 + b**2/2 + 676*b. Give u(4).
5
Let y(k) be the third derivative of 0 + 0*k - 5/6*k**3 - 1/60*k**5 + 7/24*k**4 + 12*k**2. Give y(5).
5
Let s(n) be the first derivative of n**4/4 - 10*n**3/3 + 11*n**2/2 - 13*n + 6. Calculate s(9).
5
Let i(h) = 1. Let y(q) = 0*q + 2 - 5*q + 4*q. Suppose 0*w - 2 = w. Let p(z) = w*y(z) + 3*i(z). What is p(-2)?
-5
Suppose 3*t + 6 = 0, 0 = -5*v + 9*v + 2*t + 24. Let w(s) = s**2 + 7*s + 11. Calculate w(v).
1
Suppose -2*p - 378 = -5*p. Let f = -132 + p. Let c(g) = g**3 + 7*g**2 + 6*g + 6. Give c(f).
6
Let h be 10/30*(-1 - -1). Suppose -3*b + 25 = 2*w, 4*w + b = -h*b + 55. Suppose -w = -3*c - 20. Let v(d) = 3*d**2 + 2*d. Determine v(c).
8
Let o = -11020 - -11020. Let l(m) = -4*m + 10. Let w(n) = -5*n + 10. Let g(v) = 4*l(v) - 3*w(v). Give g(o).
10
Let v(p) be the first derivative of p**2/2 + 8*p - 2. Let f be v(-8). Let m(o) = -2 + f + 2*o - 7*o**2 + 2*o**2 + 3*o**2. Calculate m(2).
-6
Let j(f) be the first derivative of 2*f**3 - 2*f**2 - 1/4*f**4 + 0*f - 16. Give j(5).
5
Let o(k) be the second derivative of k**5/20 + 2*k**4/3 + k**3 - 9*k**2/2 + 6*k - 1. What is o(-7)?
-2
Suppose 77 - 25 = 13*l. Let r(m) be the second derivative of -m**4/12 + m**3 - m**2 - 7*m. Give r(l).
6
Let q be (-1)/((-51)/24 - -2). Let s(d) = -9*d + 3*d**2 + 13 - 22 + 2*d**2. Let z(b) = -7*b**2 + 14*b + 14. Let o(f) = q*s(f) + 5*z(f). Give o(2).
14
Let o(h) = h**2 + 8*h + 19. Let f = -94 + 88. Let i be o(f). Let s(k) = k**2 - 6*k - 9. Determine s(i).
-2
Let m(r) be the first derivative of r**5/120 - 5*r**4/24 + 6*r**3 - 8. Let c(t) be the third derivative of m(t). Determine c(7).
2
Let b(i) = 81 - 79 + 4*i + i**2 - 9*i. Suppose -28 = 4*h + 4*a, -2*h - 5*a - 21 = 8. Let g = 5 + h. Give b(g).
-4
Let m(i) be the third derivative of i**4/24 + 3*i**2. Let g(t) = -4*t - 1. Let r(z) = g(z) + 6*m(z). Let o be (2/(-6))/((-2)/6). What is r(o)?
1
Let s be -5 + 4 - (-4 - (-45)/5). Let m(x) = -x**3 - 7*x**2 - 11*x - 11. Give m(s).
19
Let i(s) = -s. Let f = 60 + -64. Let o be (6/18*-2)/(f/30). Determine i(o).
-5
Let p(d) = 3*d**3 - 13*d**2 - 9*d - 6. Let b be p(5). Let t(s) = -16*s**3 - 1. Determine t(b).
15
Let o(c) = 9*c**2 + 6*c + 3. Let p(g) = -8*g**2 - 5*g - 2. Let t(y) = -4*o(y) - 5*p(y). What is t(-2)?
12
Let w(l) = -4*l**2 - 1. Let k(p) = -p**3 - 4*p**2 + 8. Let f be k(-3). Calculate w(f).
-5
Let b(d) = -5*d**2 - 1. Let f be ((-8)/2 + 171/36)*4. Suppose -2*m + 2 = 2*x, 0 = -f*m + 4 + 2. What is b(x)?
-6
Let m(g) = -g**2 - 41*g + 9. Let d(f) = 2*f**2 + 72*f - 17. Let h(l) = 4*d(l) + 7*m(l). Determine h(3).
7
Let o(b) = -b - 1. Let u(m) = -2*m - 2. Let l(a) = 6*o(a) - 4*u(a). Let p be 40/6 + 385/(-231). What is l(p)?
12
Let l be 5/(5/(-1)) + 4. Let i(k) = -11*k + l - 4 + k. Calculate i(-1).
9
Let i(a) = a**2 - a + 17. Let c be (-80)/(-24) + 1/(-3). Suppose c*z + z = 0. Give i(z).
17
Let d(z) = -z**2 + 21*z - 87. Let h be d(6). Let q(r) = -r**3 + 5*r**2 - 3*r + 2. Determine q(h).
11
Let o(d) = -14*d - 12. Let z be o(-1). Let s(a) = -20*a + 2. Determine s(z).
-38
Let s(l) = -36*l + 32*l - 3 - l + 7*l. Let m(b) = -3*b + 3. Let o be m(2). Give s(o).
-9
Suppose 0 = 5*c - 3*c + 4. Let j(v) = -4*v**2 - 3*v. Determine j(c).
-10
Let w(h) = -h**2 - 4*h + 4. Let s be (-8)/(-7)*(-77)/(-22). Suppose -s + 2 = -d. Suppose 0 = -2*v + 2*k + d, -3*v - k = 13. Give w(v).
7
Let m(u) be the third derivative of u**5/40 - u**4/8 - u**3/3 - 3*u**2. Let r(v) be the first derivative of m(v). Let c = -132 - -135. Calculate r(c).
6
Let w(g) = -g**2 + g. Let x(l) = 5*l**2 + 5. Let p(a) = a**2 - 16*a + 32. Let u be p(14). Let j(y) = u*w(y) + x(y). Give j(-5).
10
Suppose 2*m = -3*k - 4, 3*k + 4 + 4 = -m. Suppose -q - m*f + 2*f - 6 = 0, -4*f - 16 = q. Let l(g) = -g**3 + 2*g - 2 + 1 - 4*g**2 + 2*g**3. Calculate l(q).
7
Let q(a) = a**2 + 10*a - 6. Let l be q(-11). Let i(y) = -y + l + 16 - 378*y**3 + 379*y**3. Determine i(0).
21
Let d(b) be the second derivative of b**5/120 - b**4/8 + 5*b**3/3 - 2*b. Let o(m) be the second derivative of d(m). Calculate o(-6).
-9
Let t(x) = x**2 + x - 1. Let s(v) = 3*v**2 - 2*v + 4. Let d(m) = -s(m) + 2*t(m). Let h be ((-6)/10)/((24/(-90))/4). Suppose -z + 13 = h. Calculate d(z).
-6
Let k(d) be the first derivative of d**3/6 + 3*d**2/2 - d - 1. Let z(y) be the first derivative of k(y). Let j(r) = -785*r + 1563. Let a be j(2). What is z(a)?
-4
Let c(s) = 42 + 6*s - s - 35. Let q(b) = 2*b + 4. Let r(d) = -3*c(d) + 5*q(d). What is r(-1)?
4
Let n(t) = -t**3 - 3*t**2 + t + 3. Let q(b) = -7*b**3 - 15*b**2 + 17*b + 14. Let x(i) = 6*n(i) - q(i). What is x(5)?
-1
Suppose 4*h = -20 - 4. Let j(y) be the second derivative of -y**4/12 - 5*y**3/6 - 5*y**2/2 + 404*y. What is j(h)?
-11
Let k(y) = y**3 + 3*y**2 + 2*y - 1. Suppose -90 = -11*d - 13. Let m(t) = t**3 - 8*t**2 + 5*t + 12. Let b be m(d). Determine k(b).
-1
Let k(o) = 9*o - 4. Let q(d) = 10*d - 2. Let u(x) = -6*k(x) + 5*q(x). Give u(4).
-2
Let v(t) = -t - 15. Suppose 0 = 5*u - 15*u - 50. Determine v(u).
-10
Let l(f) be the third derivative of f**4/12 - f**3/6 - 37*f**2 - 3. Suppose 2*p = -3*p + 3*v, -3*v = 15. What is l(p)?
-7
Suppose 0*n = 4*n - 12. Suppose -4*m - 4 = -0, 18 = -n*p - 3*m. Let k(o) = 73*o + 36*o - 112*o. Determine k(p).
15
Suppose 0 = -4*q - 3*f + 5, 5*q - 2*f - 30 = -f. Suppose 0 = -4*x + 5*i + 4, -4*x - q*i + 3 = -x. Let t(j) = 9*j**2 - 2*j + 1. Give t(x).
8
Let l(h) = -3*h + 2*h + 0*h - 109 + 111 + 6*h. What is l(-7)?
-33
Let n be 104/2*2/8. Let s(b) = -9 + n - 5 + b. Determine s(2).
1
Let f(k) = k**2 - 4*k - 15. Let n(h) = -6*h + 192. Let t be n(31). Calculate f(t).
-3
Let c(m) = m**2 - 5*m - 9. Let h(x) = 2*x**2 - 3*x - 3. Let p be h(3). Let t(z) = p + z - 7*z - 11. Let o be t(-2). Give c(o).
5
Suppose -a = -b + 3*b - 10, -8 = -4*b + 4*a. Let c = -133 - -240. Let r(n) = 4 + c*n**2 + n**3 + 1 - 111*n**2. Calculate r(b).
5
Let x(h) = -1 + 53*h - 24*h - 40*h. Calculate x(-2).
21
Suppose 3*q = y - 0 + 4, 0 = -3*y + 3*q. Let c be (y/(-2) - 0) + 3. Let g(b) = -3*b + c - 2*b - 3 + 7*b. Give g(6).
11
Let l(n) = n + 9. Let d be l(-11). Let r be (9 + -3)/(3 + d). Let o(q) = 0 + q**2 - 3 + 6 + r*q + 1. Determine o(-5).
-1
Suppose -45 = -4*k + 19. Let m(p) = p**3 - 16*p**2 + 7. Let x be m(k). Let z(o) = -o**3 + 8*o**2 - 8*o + 3. Determine z(x).
-4
Let l(n) = -n**2 - 9*n - 6. Suppose -15*a = 18 + 117. Determine l(a).
-6
Let z(u) = u**3 - 4*u**2 + 6. Let a be (7 + (-42)/7)*3. Determine z(a).
-3
Let c(w) = 3*w - 1. Let p(a) = -1 + 0*a**2 + 2*a - 7*a + a**2. Suppose -3*y = f - 8, -17 = -3*f - 0*y - 2*y. Let d be p(f). Calculate c(d).
-4
Let s(r) = -r**2 + 8*r - 5. Let h(j) = 3*j**2 - 24*j + 16. Let z(b) = -3*h(b) - 8*s(b). Let m be (-12)/(-1 + (4 - 5)). What is z(m)?
4
Suppose -4*a - 23 = -67. Let j(w) = w**2 - 11*w - 4. Give j(a).
-4
Let c(v) be the second derivative of v**3/6 - 3*v**2/2 - 19*v + 3. Calculate c(3).
0
Suppose -12 = -5*a + 7*a. Let t = 3 - 0. Let w(z) = 0*z + 3*z**3 - 2*z**t - 4*z + 5*z**2 - z. Give w(a).
-6
Let r = -475 + 477. Let d(t) = -6*t**3 - 5*t**2 - 6*t - 3. Let o(a) = a**3 + a**2 + a + 1. Let f(z) = -d(z) - 5*o(z). What is f(r)?
8
Let g = -4 - 4. Let w = g - -13. Suppose 0 = -w*h + 8*h. Let s(i) = -i**3 + i**2 - 6. Determine s(h).
-6
Let c(t) = -t - 8. Let s(l) = -l**3 - 19*l**2 + 7*l + 39. Let i be s(-19). Let k = 88 + i. Determine c(k).
-2
Suppose 4*a + 2 = -t - 5, -t - 2 = 3*a. Suppose n = s + 4, n + n + 5*s = -t. Let i be (-2 + n)/((-2)/(-4)). Let w(o) = 6*o + 2. Give w(i).
-10
Let d(y) = 683*y**2 + 5*y - 692*y**2 - 5*y. What is d(1)?
-9
Let c(u) = -26*u - 466. Let o be c(-18). Let r(s) be the first derivative of -4*s + 0*s**o + 1/3*s**3 - 1/4*s**4 - 6. Calculate r(0).
-4
Let j(d) = d + 14. Let v be ((-6)/(-5))/((-438)/(-90) - 5). Calculate j(v).
5
Suppose 0 = 3*c - 13 + 1. Let d(f) = 2 - f - 4*f + c*f + 0. Calculate d(8).
-6
Let m(b) = 3*b**2 + 7*b - 6. Let q be m(-3). Let h(k) = -k + 6. Calculate h(q).
6
Let n(k) = k**3 - 2*k**2 + k - 1. Let 